{"id":921,"date":"2021-04-06T10:12:20","date_gmt":"2021-04-06T08:12:20","guid":{"rendered":"https:\/\/webdev.topymedia.com\/refontetopymedia\/webdev\/topymedia\/?page_id=921"},"modified":"2023-08-03T16:45:33","modified_gmt":"2023-08-03T14:45:33","slug":"print-et-identite-graphique","status":"publish","type":"page","link":"https:\/\/webdev.topymedia.com\/refontetopymedia\/services-communication\/print-et-identite-graphique\/","title":{"rendered":"Graphisme et impression"},"content":{"rendered":"<p>[vc_row][vc_column]      <div class=\"heading-block heading-606b0d4647a12 tal h-h2\">\n                  <div class=\"sub-h\">les offres de l'agence<\/div>\n                  <h2 class=\"h\">Graphisme et<br \/>\nimpression<\/h2>\n              <\/div>\n    [\/vc_column][\/vc_row][vc_row][vc_column width=&#8221;2\/3&#8243;][vc_column_text]<\/p>\n<h5>Nous cr\u00e9ons des identit\u00e9s fortes et porteuses de sens.<\/h5>\n<p style=\"font-family: 'Fira Sans'; color: #9b9b9b; font-weight: 300;\">Beau et efficace, tels pourraient \u00eatre les deux crit\u00e8res de notre approche graphique. Notre objectif est simple : vous permettre de remporter l\u2019adh\u00e9sion de votre public gr\u00e2ce \u00e0 une communication visuelle percutante, d\u00e8s le premier coup d\u2019oeil. Du print au web, Topymedia met son professionnalisme au service de ses clients pour le meilleur r\u00e9sultat.<\/p>\n<p style=\"font-family: 'Fira Sans'; color: #9b9b9b; font-weight: 300;\">Notre expertise et nos comp\u00e9tences nous permettent de d\u00e9ployer efficacement des campagnes de communication, aussi bien sur les supports traditionnels que num\u00e9riques. Avec la petite touche en plus, qui fait la diff\u00e9rence !<\/p>\n<p>[\/vc_column_text][\/vc_column][vc_column width=&#8221;1\/3&#8243;][vc_empty_space]      <div class=\"heading-block heading-606b0dabdc415 tac h-h2\">\n                  <h2 class=\"h\"><span>318<\/span> clients<\/h2>\n              <\/div>\n    [vc_column_text]<\/p>\n<p style=\"text-align: center;\">ont confi\u00e9 leur communication<br \/>\n\u00e0 Topymedia depuis <strong>2008<\/strong>[\/vc_column_text][\/vc_column][\/vc_row][vc_row][vc_column width=&#8221;1\/4&#8243;]      <div class=\"heading-block heading-606b0e3aef629 tac h-h4\">\n                  <h4 class=\"h\">offres de <span>communication visuelle<\/span><\/h4>\n              <\/div>\n    [\/vc_column][vc_column width=&#8221;3\/4&#8243;]      <div class=\"heading-block heading-606b0e5637549 tal h-h5 with-bottom-line\">\n                  <h5 class=\"h\">identit\u00e9 visuelle<\/h5>\n              <\/div>\n    [vc_column_text]<\/p>\n<p style=\"font-family: 'Fira Sans'; color: #9b9b9b; font-weight: 300;\">Nous pouvons intervenir dans le cadre de la cr\u00e9ation de logo, charte graphique, flyer, brochure, ou plus g\u00e9n\u00e9ralement d&#8217;identit\u00e9 visuelle.<\/p>\n<p>[\/vc_column_text]      <div class=\"heading-block heading-606b0e7114b26 tal h-h5 with-bottom-line\">\n                  <h5 class=\"h\">supports de communication print<\/h5>\n              <\/div>\n    [vc_column_text]<\/p>\n<p style=\"font-family: 'Fira Sans'; color: #9b9b9b; font-weight: 300;\">Nous assurons la cr\u00e9ation de tout type de support imprim\u00e9 : flyers, b\u00e2ches, affiches, d\u00e9pliants, etc. Nous pouvons proposer une impression de haute qualit\u00e9 sur plus de 100 gammes produits, r\u00e9parties en 3 cat\u00e9gories : imprimerie, signal\u00e9tique et objets publicitaires. Tous nos produits sont imprim\u00e9s en France et notre partenaire est labellis\u00e9 Imprim\u2019Vert\u00ae.<\/p>\n<p>[\/vc_column_text][\/vc_column][\/vc_row][vc_row][vc_column]      <div class=\"heading-block heading-62c589c3c773a tac h-h1 with-bottom-line\">\n                  <h1 class=\"h\">Quelques <span>exemples<\/span> de r\u00e9alisations graphiques<\/h1>\n              <\/div>\n    [vc_masonry_media_grid style=&#8221;lazy&#8221; grid_id=&#8221;vc_gid:1691073911457-dc2c0fae-2527-4&#8243; include=&#8221;9031,9032,9033,9034,9035,9036,9037,9038,9039,9040,9041,9042,9043,9044,9045,9046&#8243;][\/vc_column][\/vc_row]<\/p>\n","protected":false},"excerpt":{"rendered":"<p>[vc_row][vc_column][\/vc_column][\/vc_row][vc_row][vc_column width=&#8221;2\/3&#8243;][vc_column_text] Nous cr\u00e9ons des identit\u00e9s fortes et porteuses de sens. Beau et efficace, tels pourraient \u00eatre les deux crit\u00e8res de notre approche graphique. Notre objectif est simple : vous permettre de remporter l\u2019adh\u00e9sion de votre public gr\u00e2ce \u00e0 une communication visuelle percutante, d\u00e8s le premier coup d\u2019oeil. Du print au web, Topymedia met son [&hellip;]<\/p>\n","protected":false},"author":3,"featured_media":0,"parent":8785,"menu_order":0,"comment_status":"closed","ping_status":"closed","template":"template-landing.php","meta":{"_acf_changed":false,"footnotes":""},"class_list":["post-921","page","type-page","status-publish","hentry"],"acf":[],"yoast_head":"<!-- This site is optimized with the Yoast SEO plugin v27.5 - https:\/\/yoast.com\/product\/yoast-seo-wordpress\/ -->\n<title>Graphisme et impression &#8226; Topymedia<\/title>\n<meta name=\"robots\" content=\"index, follow, max-snippet:-1, max-image-preview:large, max-video-preview:-1\" \/>\n<link rel=\"canonical\" href=\"https:\/\/webdev.topymedia.com\/refontetopymedia\/services-communication\/print-et-identite-graphique\/\" \/>\n<meta property=\"og:locale\" content=\"fr_FR\" \/>\n<meta property=\"og:type\" content=\"article\" \/>\n<meta property=\"og:title\" content=\"Graphisme et impression &#8226; Topymedia\" \/>\n<meta property=\"og:description\" content=\"[vc_row][vc_column][\/vc_column][\/vc_row][vc_row][vc_column width=&#8221;2\/3&#8243;][vc_column_text] Nous cr\u00e9ons des identit\u00e9s fortes et porteuses de sens. Beau et efficace, tels pourraient \u00eatre les deux crit\u00e8res de notre approche graphique. Notre objectif est simple : vous permettre de remporter l\u2019adh\u00e9sion de votre public gr\u00e2ce \u00e0 une communication visuelle percutante, d\u00e8s le premier coup d\u2019oeil. Du print au web, Topymedia met son [&hellip;]\" \/>\n<meta property=\"og:url\" content=\"https:\/\/webdev.topymedia.com\/refontetopymedia\/services-communication\/print-et-identite-graphique\/\" \/>\n<meta property=\"og:site_name\" content=\"Topymedia\" \/>\n<meta property=\"article:publisher\" content=\"https:\/\/www.facebook.com\/topymedia\" \/>\n<meta property=\"article:modified_time\" content=\"2023-08-03T14:45:33+00:00\" \/>\n<meta property=\"og:image\" content=\"https:\/\/webdev.topymedia.com\/refontetopymedia\/wp-content\/uploads\/2021\/04\/communication-scaled.jpeg\" \/>\n\t<meta property=\"og:image:width\" content=\"2560\" \/>\n\t<meta property=\"og:image:height\" content=\"1536\" \/>\n\t<meta property=\"og:image:type\" content=\"image\/jpeg\" \/>\n<meta name=\"twitter:card\" content=\"summary_large_image\" \/>\n<meta name=\"twitter:label1\" content=\"Dur\u00e9e de lecture estim\u00e9e\" \/>\n\t<meta name=\"twitter:data1\" content=\"2 minutes\" \/>\n<script type=\"application\/ld+json\" class=\"yoast-schema-graph\">{\"@context\":\"https:\\\/\\\/schema.org\",\"@graph\":[{\"@type\":\"WebPage\",\"@id\":\"https:\\\/\\\/webdev.topymedia.com\\\/refontetopymedia\\\/services-communication\\\/print-et-identite-graphique\\\/\",\"url\":\"https:\\\/\\\/webdev.topymedia.com\\\/refontetopymedia\\\/services-communication\\\/print-et-identite-graphique\\\/\",\"name\":\"Graphisme et impression &#8226; Topymedia\",\"isPartOf\":{\"@id\":\"https:\\\/\\\/webdev.topymedia.com\\\/refontetopymedia\\\/#website\"},\"datePublished\":\"2021-04-06T08:12:20+00:00\",\"dateModified\":\"2023-08-03T14:45:33+00:00\",\"breadcrumb\":{\"@id\":\"https:\\\/\\\/webdev.topymedia.com\\\/refontetopymedia\\\/services-communication\\\/print-et-identite-graphique\\\/#breadcrumb\"},\"inLanguage\":\"fr-FR\",\"potentialAction\":[{\"@type\":\"ReadAction\",\"target\":[\"https:\\\/\\\/webdev.topymedia.com\\\/refontetopymedia\\\/services-communication\\\/print-et-identite-graphique\\\/\"]}]},{\"@type\":\"BreadcrumbList\",\"@id\":\"https:\\\/\\\/webdev.topymedia.com\\\/refontetopymedia\\\/services-communication\\\/print-et-identite-graphique\\\/#breadcrumb\",\"itemListElement\":[{\"@type\":\"ListItem\",\"position\":1,\"name\":\"Accueil\",\"item\":\"https:\\\/\\\/webdev.topymedia.com\\\/refontetopymedia\\\/\"},{\"@type\":\"ListItem\",\"position\":2,\"name\":\"Les prestations qui vont vous mettre en lumi\u00e8re\",\"item\":\"https:\\\/\\\/webdev.topymedia.com\\\/refontetopymedia\\\/services-communication\\\/\"},{\"@type\":\"ListItem\",\"position\":3,\"name\":\"Graphisme et impression\"}]},{\"@type\":\"WebSite\",\"@id\":\"https:\\\/\\\/webdev.topymedia.com\\\/refontetopymedia\\\/#website\",\"url\":\"https:\\\/\\\/webdev.topymedia.com\\\/refontetopymedia\\\/\",\"name\":\"Topymedia\",\"description\":\"Agence de communication - Bassin d&#039;Arcachon &amp; Bordeaux M\u00e9tropole\",\"potentialAction\":[{\"@type\":\"SearchAction\",\"target\":{\"@type\":\"EntryPoint\",\"urlTemplate\":\"https:\\\/\\\/webdev.topymedia.com\\\/refontetopymedia\\\/?s={search_term_string}\"},\"query-input\":{\"@type\":\"PropertyValueSpecification\",\"valueRequired\":true,\"valueName\":\"search_term_string\"}}],\"inLanguage\":\"fr-FR\"}]}<\/script>\n<!-- \/ Yoast SEO plugin. -->","yoast_head_json":{"title":"Graphisme et impression &#8226; Topymedia","robots":{"index":"index","follow":"follow","max-snippet":"max-snippet:-1","max-image-preview":"max-image-preview:large","max-video-preview":"max-video-preview:-1"},"canonical":"https:\/\/webdev.topymedia.com\/refontetopymedia\/services-communication\/print-et-identite-graphique\/","og_locale":"fr_FR","og_type":"article","og_title":"Graphisme et impression &#8226; Topymedia","og_description":"[vc_row][vc_column][\/vc_column][\/vc_row][vc_row][vc_column width=&#8221;2\/3&#8243;][vc_column_text] Nous cr\u00e9ons des identit\u00e9s fortes et porteuses de sens. Beau et efficace, tels pourraient \u00eatre les deux crit\u00e8res de notre approche graphique. Notre objectif est simple : vous permettre de remporter l\u2019adh\u00e9sion de votre public gr\u00e2ce \u00e0 une communication visuelle percutante, d\u00e8s le premier coup d\u2019oeil. Du print au web, Topymedia met son [&hellip;]","og_url":"https:\/\/webdev.topymedia.com\/refontetopymedia\/services-communication\/print-et-identite-graphique\/","og_site_name":"Topymedia","article_publisher":"https:\/\/www.facebook.com\/topymedia","article_modified_time":"2023-08-03T14:45:33+00:00","og_image":[{"width":2560,"height":1536,"url":"https:\/\/webdev.topymedia.com\/refontetopymedia\/wp-content\/uploads\/2021\/04\/communication-scaled.jpeg","type":"image\/jpeg"}],"twitter_card":"summary_large_image","twitter_misc":{"Dur\u00e9e de lecture estim\u00e9e":"2 minutes"},"schema":{"@context":"https:\/\/schema.org","@graph":[{"@type":"WebPage","@id":"https:\/\/webdev.topymedia.com\/refontetopymedia\/services-communication\/print-et-identite-graphique\/","url":"https:\/\/webdev.topymedia.com\/refontetopymedia\/services-communication\/print-et-identite-graphique\/","name":"Graphisme et impression &#8226; Topymedia","isPartOf":{"@id":"https:\/\/webdev.topymedia.com\/refontetopymedia\/#website"},"datePublished":"2021-04-06T08:12:20+00:00","dateModified":"2023-08-03T14:45:33+00:00","breadcrumb":{"@id":"https:\/\/webdev.topymedia.com\/refontetopymedia\/services-communication\/print-et-identite-graphique\/#breadcrumb"},"inLanguage":"fr-FR","potentialAction":[{"@type":"ReadAction","target":["https:\/\/webdev.topymedia.com\/refontetopymedia\/services-communication\/print-et-identite-graphique\/"]}]},{"@type":"BreadcrumbList","@id":"https:\/\/webdev.topymedia.com\/refontetopymedia\/services-communication\/print-et-identite-graphique\/#breadcrumb","itemListElement":[{"@type":"ListItem","position":1,"name":"Accueil","item":"https:\/\/webdev.topymedia.com\/refontetopymedia\/"},{"@type":"ListItem","position":2,"name":"Les prestations qui vont vous mettre en lumi\u00e8re","item":"https:\/\/webdev.topymedia.com\/refontetopymedia\/services-communication\/"},{"@type":"ListItem","position":3,"name":"Graphisme et impression"}]},{"@type":"WebSite","@id":"https:\/\/webdev.topymedia.com\/refontetopymedia\/#website","url":"https:\/\/webdev.topymedia.com\/refontetopymedia\/","name":"Topymedia","description":"Agence de communication - Bassin d&#039;Arcachon &amp; Bordeaux M\u00e9tropole","potentialAction":[{"@type":"SearchAction","target":{"@type":"EntryPoint","urlTemplate":"https:\/\/webdev.topymedia.com\/refontetopymedia\/?s={search_term_string}"},"query-input":{"@type":"PropertyValueSpecification","valueRequired":true,"valueName":"search_term_string"}}],"inLanguage":"fr-FR"}]}},"_links":{"self":[{"href":"https:\/\/webdev.topymedia.com\/refontetopymedia\/wp-json\/wp\/v2\/pages\/921","targetHints":{"allow":["GET"]}}],"collection":[{"href":"https:\/\/webdev.topymedia.com\/refontetopymedia\/wp-json\/wp\/v2\/pages"}],"about":[{"href":"https:\/\/webdev.topymedia.com\/refontetopymedia\/wp-json\/wp\/v2\/types\/page"}],"author":[{"embeddable":true,"href":"https:\/\/webdev.topymedia.com\/refontetopymedia\/wp-json\/wp\/v2\/users\/3"}],"replies":[{"embeddable":true,"href":"https:\/\/webdev.topymedia.com\/refontetopymedia\/wp-json\/wp\/v2\/comments?post=921"}],"version-history":[{"count":0,"href":"https:\/\/webdev.topymedia.com\/refontetopymedia\/wp-json\/wp\/v2\/pages\/921\/revisions"}],"up":[{"embeddable":true,"href":"https:\/\/webdev.topymedia.com\/refontetopymedia\/wp-json\/wp\/v2\/pages\/8785"}],"wp:attachment":[{"href":"https:\/\/webdev.topymedia.com\/refontetopymedia\/wp-json\/wp\/v2\/media?parent=921"}],"curies":[{"name":"wp","href":"https:\/\/api.w.org\/{rel}","templated":true}]}}