{"id":176,"date":"2019-03-18T09:42:36","date_gmt":"2019-03-18T08:42:36","guid":{"rendered":"https:\/\/promo-theme.com\/luxa\/?page_id=176"},"modified":"2024-11-13T12:23:37","modified_gmt":"2024-11-13T11:23:37","slug":"contact-agence-communication","status":"publish","type":"page","link":"https:\/\/webdev.topymedia.com\/refontetopymedia\/contact-agence-communication\/","title":{"rendered":"Contact"},"content":{"rendered":"<p>[vc_row gap=&#8221;20&#8243; css=&#8221;.vc_custom_1554184181567{padding-bottom: 45px !important;}&#8221; uniqid=&#8221;5ca2f7c238ecf&#8221;][vc_column css=&#8221;.vc_custom_1731497015753{margin-top: 65px !important;}&#8221;]      <div class=\"heading-block heading-5c98680a73419 tal h-h2 with-bottom-line vc_custom_1618489596246\">\n                  <div class=\"sub-h\">vous avez un projet ?<\/div>\n                  <h2 class=\"h\">Dites-nous tout !<\/h2>\n              <\/div>\n    [\/vc_column][vc_column width=&#8221;1\/2&#8243;]    <div class=\"contact-row contact-row-5c9869fa146ab\">\n              <i class=\"base-icon-phone-call\"><\/i>\n            <div class=\"content\">\n                <span>05 40 80 42 73<\/span>\n      <\/div>\n    <\/div>\n        <div class=\"contact-row contact-row-5c986a06b4343\">\n              <i class=\"base-icon-envelope\"><\/i>\n            <div class=\"content\">\n                <span>contact@webdev.topymedia.com<\/span>\n      <\/div>\n    <\/div>\n        <div class=\"contact-row contact-row-5c986a143a621\">\n              <i class=\"base-icon-placeholder\"><\/i>\n            <div class=\"content\">\n                <span>9 avenue des Fr\u00e8res Montgolfier 33510 Andernos-Les-Bains<\/span>\n      <\/div>\n    <\/div>\n    [vc_single_image image=&#8221;10679&#8243; img_size=&#8221;large&#8221;][\/vc_column][vc_column width=&#8221;1\/2&#8243;][vc_column_text]<\/p>\n<div class=\"elementor-element elementor-element-7ecf2b5e elementor-widget elementor-widget-text-editor\" data-id=\"7ecf2b5e\" data-element_type=\"widget\" data-widget_type=\"text-editor.default\">\n<div class=\"elementor-widget-container\">\n<div class=\"elementor-text-editor elementor-clearfix\">\n<p>Pour toute demande de devis, pour nous soumettre votre projet ou tout simplement pour venir nous rencontrer autour d\u2019un caf\u00e9, n\u2019h\u00e9sitez pas \u00e0 utiliser le formulaire ci-contre, nous vous r\u00e9pondrons dans les plus brefs d\u00e9lais.<\/p>\n<\/div>\n<\/div>\n<\/div>\n<p>[\/vc_column_text][vc_column_text]<div class=\"wpforms-container wpforms-container-full wpforms-render-modern\" id=\"wpforms-10698\"><form id=\"wpforms-form-10698\" class=\"wpforms-validate wpforms-form wpforms-ajax-form\" data-formid=\"10698\" method=\"post\" enctype=\"multipart\/form-data\" action=\"\/refontetopymedia\/wp-json\/wp\/v2\/pages\/176\" data-token=\"34d7ea49b8dfbb3dc4ff9ba896b2155b\" data-token-time=\"1778159377\"><noscript class=\"wpforms-error-noscript\">Veuillez activer JavaScript dans votre navigateur pour remplir ce formulaire.<\/noscript><div class=\"wpforms-hidden\" id=\"wpforms-error-noscript\">Veuillez activer JavaScript dans votre navigateur pour remplir ce formulaire.<\/div><div class=\"wpforms-field-container\"><div id=\"wpforms-10698-field_0-container\" class=\"wpforms-field wpforms-field-name\" data-field-id=\"0\"><label class=\"wpforms-field-label\" for=\"wpforms-10698-field_0\">Nom et pr\u00e9nom <span class=\"wpforms-required-label\" aria-hidden=\"true\">*<\/span><\/label><input type=\"text\" id=\"wpforms-10698-field_0\" class=\"wpforms-field-large wpforms-field-required\" name=\"wpforms[fields][0]\" aria-errormessage=\"wpforms-10698-field_0-error\" required><\/div><div id=\"wpforms-10698-field_3-container\" class=\"wpforms-field wpforms-field-phone\" data-field-id=\"3\"><label class=\"wpforms-field-label\" for=\"wpforms-10698-field_3\">T\u00e9l\u00e9phone <span class=\"wpforms-required-label\" aria-hidden=\"true\">*<\/span><\/label><input type=\"tel\" id=\"wpforms-10698-field_3\" class=\"wpforms-field-large wpforms-field-required wpforms-smart-phone-field\" data-rule-smart-phone-field=\"true\" name=\"wpforms[fields][3]\" aria-label=\"T\u00e9l\u00e9phone\" aria-errormessage=\"wpforms-10698-field_3-error\" required><\/div><div id=\"wpforms-10698-field_1-container\" class=\"wpforms-field wpforms-field-email\" data-field-id=\"1\"><label class=\"wpforms-field-label\" for=\"wpforms-10698-field_1\">Email <span class=\"wpforms-required-label\" aria-hidden=\"true\">*<\/span><\/label><input type=\"email\" id=\"wpforms-10698-field_1\" class=\"wpforms-field-large wpforms-field-required\" name=\"wpforms[fields][1]\" spellcheck=\"false\" aria-errormessage=\"wpforms-10698-field_1-error\" required><\/div><div id=\"wpforms-10698-field_2-container\" class=\"wpforms-field wpforms-field-textarea\" data-field-id=\"2\"><label class=\"wpforms-field-label\" for=\"wpforms-10698-field_2\">Commentaire<\/label><textarea id=\"wpforms-10698-field_2\" class=\"wpforms-field-medium\" name=\"wpforms[fields][2]\" aria-errormessage=\"wpforms-10698-field_2-error\" ><\/textarea><\/div><\/div><!-- .wpforms-field-container --><div class=\"wpforms-recaptcha-container wpforms-is-recaptcha wpforms-is-recaptcha-type-v3\" ><input type=\"hidden\" name=\"wpforms[recaptcha]\" value=\"\"><\/div><div class=\"wpforms-submit-container\" ><input type=\"hidden\" name=\"wpforms[id]\" value=\"10698\"><input type=\"hidden\" name=\"page_title\" value=\"\"><input type=\"hidden\" name=\"page_url\" value=\"https:\/\/webdev.topymedia.com\/refontetopymedia\/wp-json\/wp\/v2\/pages\/176\"><input type=\"hidden\" name=\"url_referer\" value=\"\"><button type=\"submit\" name=\"wpforms[submit]\" id=\"wpforms-submit-10698\" class=\"wpforms-submit\" data-alt-text=\"Envoi en cours ...\" data-submit-text=\"Envoyer\" aria-live=\"assertive\" value=\"wpforms-submit\">Envoyer<\/button><img decoding=\"async\" src=\"https:\/\/webdev.topymedia.com\/refontetopymedia\/wp-content\/plugins\/wpforms\/assets\/images\/submit-spin.svg\" class=\"wpforms-submit-spinner\" style=\"display: none;\" width=\"26\" height=\"26\" alt=\"Chargement en cours\"><\/div><\/form><\/div>  <!-- .wpforms-container -->[\/vc_column_text][\/vc_column][\/vc_row][vc_row][vc_column][vc_empty_space height=&#8221;75px&#8221;][\/vc_column][\/vc_row][vc_row full_width=&#8221;stretch_row&#8221; css=&#8221;.vc_custom_1721211780900{border-top-width: 1px !important;border-bottom-width: 1px !important;border-top-color: #707070 !important;border-top-style: solid !important;border-bottom-color: #707070 !important;border-bottom-style: solid !important;}&#8221; uniqid=&#8221;66979b63fc5b4&#8243;][vc_column]      <div class=\"heading-block heading-66979b1ce97c6 tac h-h2 with-bottom-line\">\n                  <div class=\"sub-h\">Nos zones d\u2019interventions<\/div>\n              <\/div>\n    [vc_column_text]<\/p>\n<p style=\"text-align: center;\"><span style=\"color: #ffffff;\"><a style=\"color: #ffffff;\" href=\"https:\/\/webdev.topymedia.com\/refontetopymedia\/services-communication\/web-et-marketing-digital\/creation-de-site-internet\/marcheprime\/\">Marcheprime<\/a> &#8211;\u00a0<a style=\"color: #ffffff;\" href=\"https:\/\/webdev.topymedia.com\/refontetopymedia\/services-communication\/web-et-marketing-digital\/creation-de-site-internet\/biganos\/\">Biganos<\/a>\u00a0&#8211; <a style=\"color: #ffffff;\" href=\"https:\/\/webdev.topymedia.com\/refontetopymedia\/services-communication\/web-et-marketing-digital\/creation-de-site-internet\/andernos\/\">Andernos<\/a> &#8211;\u00a0<a style=\"color: #ffffff;\" href=\"https:\/\/webdev.topymedia.com\/refontetopymedia\/services-communication\/web-et-marketing-digital\/creation-de-site-internet\/lege-cap-ferret\/\">L\u00e8ge-Cap Ferret<\/a> &#8211;\u00a0<a style=\"color: #ffffff;\" href=\"https:\/\/webdev.topymedia.com\/refontetopymedia\/services-communication\/web-et-marketing-digital\/creation-de-site-internet\/gujan-mestras\/\">Gujan-Mestras<\/a> &#8211; <a style=\"color: #ffffff;\" href=\"https:\/\/webdev.topymedia.com\/refontetopymedia\/services-communication\/web-et-marketing-digital\/creation-de-site-internet\/la-teste-de-buch\/\">La Teste-de-Buch<\/a> &#8211;\u00a0<a style=\"color: #ffffff;\" href=\"https:\/\/webdev.topymedia.com\/refontetopymedia\/services-communication\/web-et-marketing-digital\/creation-de-site-internet\/arcachon\/\">Arcachon<\/a>\u00a0&#8211; <a style=\"color: #ffffff;\" href=\"https:\/\/webdev.topymedia.com\/refontetopymedia\/services-communication\/web-et-marketing-digital\/creation-de-site-internet\/ares\/\">Ar\u00e8s<\/a> &#8211; <a style=\"color: #ffffff;\" href=\"https:\/\/webdev.topymedia.com\/refontetopymedia\/services-communication\/web-et-marketing-digital\/creation-de-site-internet\/audenge\/\">Audenge<\/a> &#8211; <a style=\"color: #ffffff;\" href=\"https:\/\/webdev.topymedia.com\/refontetopymedia\/services-communication\/web-et-marketing-digital\/creation-de-site-internet\/le-barp\/\">Le Barp<\/a> &#8211; <a style=\"color: #ffffff;\" href=\"https:\/\/webdev.topymedia.com\/refontetopymedia\/services-communication\/web-et-marketing-digital\/creation-de-site-internet\/belin-beliet\/\">Belin-Beliet<\/a> &#8211; <a style=\"color: #ffffff;\" href=\"https:\/\/webdev.topymedia.com\/refontetopymedia\/services-communication\/web-et-marketing-digital\/creation-de-site-internet\/lanton\/\">Lanton<\/a> &#8211; <a style=\"color: #ffffff;\" href=\"https:\/\/webdev.topymedia.com\/refontetopymedia\/services-communication\/web-et-marketing-digital\/creation-de-site-internet\/lugos\/\">Lugos<\/a> &#8211; <a style=\"color: #ffffff;\" href=\"https:\/\/webdev.topymedia.com\/refontetopymedia\/services-communication\/web-et-marketing-digital\/creation-de-site-internet\/mios\/\">Mios<\/a> &#8211; <a style=\"color: #ffffff;\" href=\"https:\/\/webdev.topymedia.com\/refontetopymedia\/services-communication\/web-et-marketing-digital\/creation-de-site-internet\/salles\/\">Salles<\/a> &#8211; <a style=\"color: #ffffff;\" href=\"https:\/\/webdev.topymedia.com\/refontetopymedia\/services-communication\/web-et-marketing-digital\/creation-de-site-internet\/le-teich\/\">Le Teich<\/a> &#8211; <a style=\"color: #ffffff;\" href=\"https:\/\/webdev.topymedia.com\/refontetopymedia\/services-communication\/web-et-marketing-digital\/creation-de-site-internet\/saint-magne\/\">Saint-Magne<\/a><\/span><\/p>\n<p>[\/vc_column_text][\/vc_column][\/vc_row][vc_row][vc_column][vc_empty_space height=&#8221;55px&#8221;][\/vc_column][\/vc_row][vc_row][vc_column el_id=&#8221;btn-call&#8221;]          <div class=\"button-container button-673488d660603 right\">\n        <a class=\"button-style2\" href=\"tel:%20%200540804273\" target=\"_self\">\n                    <span>Appeler l'agence<\/span>\n        <\/a>\n      <\/div>\n        [\/vc_column][\/vc_row]<\/p>\n","protected":false},"excerpt":{"rendered":"<p>[vc_row gap=&#8221;20&#8243; css=&#8221;.vc_custom_1554184181567{padding-bottom: 45px !important;}&#8221; uniqid=&#8221;5ca2f7c238ecf&#8221;][vc_column css=&#8221;.vc_custom_1731497015753{margin-top: 65px !important;}&#8221;][\/vc_column][vc_column width=&#8221;1\/2&#8243;][vc_single_image image=&#8221;10679&#8243; img_size=&#8221;large&#8221;][\/vc_column][vc_column width=&#8221;1\/2&#8243;][vc_column_text] Pour toute demande de devis, pour nous soumettre votre projet ou tout simplement pour venir nous rencontrer autour d\u2019un caf\u00e9, n\u2019h\u00e9sitez pas \u00e0 utiliser le formulaire ci-contre, nous vous r\u00e9pondrons dans les plus brefs d\u00e9lais. [\/vc_column_text][vc_column_text][\/vc_column_text][\/vc_column][\/vc_row][vc_row][vc_column][vc_empty_space height=&#8221;75px&#8221;][\/vc_column][\/vc_row][vc_row full_width=&#8221;stretch_row&#8221; css=&#8221;.vc_custom_1721211780900{border-top-width: 1px !important;border-bottom-width: 1px [&hellip;]<\/p>\n","protected":false},"author":3,"featured_media":0,"parent":0,"menu_order":0,"comment_status":"closed","ping_status":"closed","template":"template-landing.php","meta":{"_acf_changed":false,"footnotes":""},"class_list":["post-176","page","type-page","status-publish","hentry"],"acf":[],"yoast_head":"<!-- This site is optimized with the Yoast SEO plugin v27.5 - https:\/\/yoast.com\/product\/yoast-seo-wordpress\/ -->\n<title>Contact &#8226; Topymedia<\/title>\n<meta name=\"description\" content=\"Pour toute demande de devis ou d&#039;informations compl\u00e9mentaires, n&#039;h\u00e9sitez pas \u00e0 contacter votre agence de communication \u00e0 Andernos.\" \/>\n<meta name=\"robots\" content=\"index, follow, max-snippet:-1, max-image-preview:large, max-video-preview:-1\" \/>\n<link rel=\"canonical\" href=\"https:\/\/webdev.topymedia.com\/refontetopymedia\/contact-agence-communication\/\" \/>\n<meta property=\"og:locale\" content=\"fr_FR\" \/>\n<meta property=\"og:type\" content=\"article\" \/>\n<meta property=\"og:title\" content=\"Contact &#8226; Topymedia\" \/>\n<meta property=\"og:description\" content=\"Pour toute demande de devis ou d&#039;informations compl\u00e9mentaires, n&#039;h\u00e9sitez pas \u00e0 contacter votre agence de communication \u00e0 Andernos.\" \/>\n<meta property=\"og:url\" content=\"https:\/\/webdev.topymedia.com\/refontetopymedia\/contact-agence-communication\/\" \/>\n<meta property=\"og:site_name\" content=\"Topymedia\" \/>\n<meta property=\"article:publisher\" content=\"https:\/\/www.facebook.com\/topymedia\" \/>\n<meta property=\"article:modified_time\" content=\"2024-11-13T11:23:37+00:00\" \/>\n<meta property=\"og:image\" content=\"https:\/\/webdev.topymedia.com\/refontetopymedia\/wp-content\/uploads\/2021\/04\/communication-scaled.jpeg\" \/>\n\t<meta property=\"og:image:width\" content=\"2560\" \/>\n\t<meta property=\"og:image:height\" content=\"1536\" \/>\n\t<meta property=\"og:image:type\" content=\"image\/jpeg\" \/>\n<meta name=\"twitter:card\" content=\"summary_large_image\" \/>\n<meta name=\"twitter:label1\" content=\"Dur\u00e9e de lecture estim\u00e9e\" \/>\n\t<meta name=\"twitter:data1\" content=\"1 minute\" \/>\n<script type=\"application\/ld+json\" class=\"yoast-schema-graph\">{\"@context\":\"https:\\\/\\\/schema.org\",\"@graph\":[{\"@type\":\"WebPage\",\"@id\":\"https:\\\/\\\/webdev.topymedia.com\\\/refontetopymedia\\\/contact-agence-communication\\\/\",\"url\":\"https:\\\/\\\/webdev.topymedia.com\\\/refontetopymedia\\\/contact-agence-communication\\\/\",\"name\":\"Contact &#8226; Topymedia\",\"isPartOf\":{\"@id\":\"https:\\\/\\\/webdev.topymedia.com\\\/refontetopymedia\\\/#website\"},\"datePublished\":\"2019-03-18T08:42:36+00:00\",\"dateModified\":\"2024-11-13T11:23:37+00:00\",\"description\":\"Pour toute demande de devis ou d'informations compl\u00e9mentaires, n'h\u00e9sitez pas \u00e0 contacter votre agence de communication \u00e0 Andernos.\",\"breadcrumb\":{\"@id\":\"https:\\\/\\\/webdev.topymedia.com\\\/refontetopymedia\\\/contact-agence-communication\\\/#breadcrumb\"},\"inLanguage\":\"fr-FR\",\"potentialAction\":[{\"@type\":\"ReadAction\",\"target\":[\"https:\\\/\\\/webdev.topymedia.com\\\/refontetopymedia\\\/contact-agence-communication\\\/\"]}]},{\"@type\":\"BreadcrumbList\",\"@id\":\"https:\\\/\\\/webdev.topymedia.com\\\/refontetopymedia\\\/contact-agence-communication\\\/#breadcrumb\",\"itemListElement\":[{\"@type\":\"ListItem\",\"position\":1,\"name\":\"Accueil\",\"item\":\"https:\\\/\\\/webdev.topymedia.com\\\/refontetopymedia\\\/\"},{\"@type\":\"ListItem\",\"position\":2,\"name\":\"Contact\"}]},{\"@type\":\"WebSite\",\"@id\":\"https:\\\/\\\/webdev.topymedia.com\\\/refontetopymedia\\\/#website\",\"url\":\"https:\\\/\\\/webdev.topymedia.com\\\/refontetopymedia\\\/\",\"name\":\"Topymedia\",\"description\":\"Agence de communication - Bassin d&#039;Arcachon &amp; Bordeaux M\u00e9tropole\",\"potentialAction\":[{\"@type\":\"SearchAction\",\"target\":{\"@type\":\"EntryPoint\",\"urlTemplate\":\"https:\\\/\\\/webdev.topymedia.com\\\/refontetopymedia\\\/?s={search_term_string}\"},\"query-input\":{\"@type\":\"PropertyValueSpecification\",\"valueRequired\":true,\"valueName\":\"search_term_string\"}}],\"inLanguage\":\"fr-FR\"}]}<\/script>\n<!-- \/ Yoast SEO plugin. -->","yoast_head_json":{"title":"Contact &#8226; Topymedia","description":"Pour toute demande de devis ou d'informations compl\u00e9mentaires, n'h\u00e9sitez pas \u00e0 contacter votre agence de communication \u00e0 Andernos.","robots":{"index":"index","follow":"follow","max-snippet":"max-snippet:-1","max-image-preview":"max-image-preview:large","max-video-preview":"max-video-preview:-1"},"canonical":"https:\/\/webdev.topymedia.com\/refontetopymedia\/contact-agence-communication\/","og_locale":"fr_FR","og_type":"article","og_title":"Contact &#8226; Topymedia","og_description":"Pour toute demande de devis ou d'informations compl\u00e9mentaires, n'h\u00e9sitez pas \u00e0 contacter votre agence de communication \u00e0 Andernos.","og_url":"https:\/\/webdev.topymedia.com\/refontetopymedia\/contact-agence-communication\/","og_site_name":"Topymedia","article_publisher":"https:\/\/www.facebook.com\/topymedia","article_modified_time":"2024-11-13T11:23:37+00:00","og_image":[{"width":2560,"height":1536,"url":"https:\/\/webdev.topymedia.com\/refontetopymedia\/wp-content\/uploads\/2021\/04\/communication-scaled.jpeg","type":"image\/jpeg"}],"twitter_card":"summary_large_image","twitter_misc":{"Dur\u00e9e de lecture estim\u00e9e":"1 minute"},"schema":{"@context":"https:\/\/schema.org","@graph":[{"@type":"WebPage","@id":"https:\/\/webdev.topymedia.com\/refontetopymedia\/contact-agence-communication\/","url":"https:\/\/webdev.topymedia.com\/refontetopymedia\/contact-agence-communication\/","name":"Contact &#8226; Topymedia","isPartOf":{"@id":"https:\/\/webdev.topymedia.com\/refontetopymedia\/#website"},"datePublished":"2019-03-18T08:42:36+00:00","dateModified":"2024-11-13T11:23:37+00:00","description":"Pour toute demande de devis ou d'informations compl\u00e9mentaires, n'h\u00e9sitez pas \u00e0 contacter votre agence de communication \u00e0 Andernos.","breadcrumb":{"@id":"https:\/\/webdev.topymedia.com\/refontetopymedia\/contact-agence-communication\/#breadcrumb"},"inLanguage":"fr-FR","potentialAction":[{"@type":"ReadAction","target":["https:\/\/webdev.topymedia.com\/refontetopymedia\/contact-agence-communication\/"]}]},{"@type":"BreadcrumbList","@id":"https:\/\/webdev.topymedia.com\/refontetopymedia\/contact-agence-communication\/#breadcrumb","itemListElement":[{"@type":"ListItem","position":1,"name":"Accueil","item":"https:\/\/webdev.topymedia.com\/refontetopymedia\/"},{"@type":"ListItem","position":2,"name":"Contact"}]},{"@type":"WebSite","@id":"https:\/\/webdev.topymedia.com\/refontetopymedia\/#website","url":"https:\/\/webdev.topymedia.com\/refontetopymedia\/","name":"Topymedia","description":"Agence de communication - Bassin d&#039;Arcachon &amp; Bordeaux M\u00e9tropole","potentialAction":[{"@type":"SearchAction","target":{"@type":"EntryPoint","urlTemplate":"https:\/\/webdev.topymedia.com\/refontetopymedia\/?s={search_term_string}"},"query-input":{"@type":"PropertyValueSpecification","valueRequired":true,"valueName":"search_term_string"}}],"inLanguage":"fr-FR"}]}},"_links":{"self":[{"href":"https:\/\/webdev.topymedia.com\/refontetopymedia\/wp-json\/wp\/v2\/pages\/176","targetHints":{"allow":["GET"]}}],"collection":[{"href":"https:\/\/webdev.topymedia.com\/refontetopymedia\/wp-json\/wp\/v2\/pages"}],"about":[{"href":"https:\/\/webdev.topymedia.com\/refontetopymedia\/wp-json\/wp\/v2\/types\/page"}],"author":[{"embeddable":true,"href":"https:\/\/webdev.topymedia.com\/refontetopymedia\/wp-json\/wp\/v2\/users\/3"}],"replies":[{"embeddable":true,"href":"https:\/\/webdev.topymedia.com\/refontetopymedia\/wp-json\/wp\/v2\/comments?post=176"}],"version-history":[{"count":14,"href":"https:\/\/webdev.topymedia.com\/refontetopymedia\/wp-json\/wp\/v2\/pages\/176\/revisions"}],"predecessor-version":[{"id":11953,"href":"https:\/\/webdev.topymedia.com\/refontetopymedia\/wp-json\/wp\/v2\/pages\/176\/revisions\/11953"}],"wp:attachment":[{"href":"https:\/\/webdev.topymedia.com\/refontetopymedia\/wp-json\/wp\/v2\/media?parent=176"}],"curies":[{"name":"wp","href":"https:\/\/api.w.org\/{rel}","templated":true}]}}