{"id":12161,"date":"2025-04-16T11:35:15","date_gmt":"2025-04-16T09:35:15","guid":{"rendered":"https:\/\/webdev.topymedia.com\/refontetopymedia\/?page_id=12161"},"modified":"2025-04-16T11:35:17","modified_gmt":"2025-04-16T09:35:17","slug":"mentions-legales","status":"publish","type":"page","link":"https:\/\/webdev.topymedia.com\/refontetopymedia\/mentions-legales\/","title":{"rendered":"Mentions l\u00e9gales"},"content":{"rendered":"\n<h1 class=\"wp-block-heading\" id=\"headline-3-3\">ce site est \u00e9dit\u00e9 et r\u00e9alis\u00e9 par<\/h1>\n\n\n\n<p><a href=\"https:\/\/webdev.topymedia.com\/refontetopymedia\/\">Topymedia<\/a><\/p>\n\n\n\n<p>TOPYMEDIA<br>contact@webdev.topymedia.com<br>T\u00e9l : 05 40 80 42 73<\/p>\n\n\n\n<p>Ce site est h\u00e9berg\u00e9 chez OVH<\/p>\n\n\n\n<h1 class=\"wp-block-heading\" id=\"headline-27-3\">Informatique et libert\u00e9s<\/h1>\n\n\n\n<p>Les informations recueillies font l\u2019objet d\u2019un traitement afin de prendre en compte votre demande. Ces informations sont destin\u00e9es \u00e0 TOPYMEDIA uniquement. En application de la loi du 6 janvier 1978, relative \u00e0 l\u2019informatique, aux fichiers et aux libert\u00e9s, vous disposez d\u2019un droit d\u2019acc\u00e8s et de rectification aux dites informations. Pour toute demande, vous pouvez \u00e9crire \u00e0 : contact@webdev.topymedia.com<\/p>\n\n\n\n<h1 class=\"wp-block-heading\" id=\"headline-7-3\">Responsabilit\u00e9s<\/h1>\n\n\n\n<p>Le site TOPYMEDIA contient des liens vers d\u2019autres sites Internet. Les contenus \u00e9ditoriaux et les illustrations de ces sites et documents ne sauraient en aucun cas engager la responsabilit\u00e9 de\u00a0TOPYMEDIA<\/p>\n\n\n\n<h1 class=\"wp-block-heading\" id=\"headline-12-3\">Droits d&#8217;auteur et copyright<\/h1>\n\n\n\n<p>Cr\u00e9dit photos : Adobe Stock<br>WordPress est un logiciel libre sous licence GNU\/GPL.<br>Tous les droits de reproduction sont r\u00e9serv\u00e9s, y compris pour les documents t\u00e9l\u00e9chargeables et les repr\u00e9sentations photographiques. La reproduction de tout ou partie de ce site, sur quelque support que ce soit, est formellement interdite sauf autorisation expresse de l\u2019\u00e9diteur.<\/p>\n\n\n\n<h1 class=\"wp-block-heading\" id=\"headline-18-3\">cookies<\/h1>\n\n\n\n<p>Ce site utilise Google Analytics, un service d\u2019analyse de site internet fourni par Google Inc. (\u00ab Google\u00bb).&nbsp;<br>Google Analytics utilise des cookies (fichiers de petite taille, qui ne permettent pas l\u2019identification de l\u2019utilisateur, mais qui enregistrent des informations relatives \u00e0 la navigation d\u2019un ordinateur sur un site) pour aider le site internet \u00e0 analyser l\u2019utilisation du site par ses utilisateurs. Les donn\u00e9es g\u00e9n\u00e9r\u00e9es par les cookies concernant votre utilisation du site (y compris votre adresse IP) seront transmises et stock\u00e9es par Google sur des serveurs situ\u00e9s aux Etats-Unis. Google utilisera cette information dans le but d\u2019\u00e9valuer votre utilisation du site, de compiler des rapports sur l\u2019activit\u00e9 du site \u00e0 destination de son \u00e9diteur et de fournir d\u2019autres services relatifs \u00e0 l\u2019activit\u00e9 du site et \u00e0 l\u2019utilisation d\u2019Internet. Google est susceptible de communiquer ces donn\u00e9es \u00e0 des tiers en cas d\u2019obligation l\u00e9gale ou lorsque ces tiers traitent ces donn\u00e9es pour le compte de Google, y compris notamment l\u2019\u00e9diteur de ce site. Google ne recoupera pas votre adresse IP avec toute autre donn\u00e9e d\u00e9tenue par Google. Vous pouvez d\u00e9sactiver l\u2019utilisation de cookies en s\u00e9lectionnant les param\u00e8tres appropri\u00e9s de votre navigateur. Cependant, une telle d\u00e9sactivation pourrait emp\u00eacher l\u2019utilisation de certaines fonctionnalit\u00e9s de ce site. En utilisant ce site internet, vous consentez express\u00e9ment au traitement de vos donn\u00e9es nominatives par Google dans les conditions et pour les finalit\u00e9s d\u00e9crites ci-dessus.<\/p>\n\n\n\n<p><\/p>\n","protected":false},"excerpt":{"rendered":"<p>ce site est \u00e9dit\u00e9 et r\u00e9alis\u00e9 par Topymedia TOPYMEDIAcontact@webdev.topymedia.comT\u00e9l : 05 40 80 42 73 Ce site est h\u00e9berg\u00e9 chez OVH Informatique et libert\u00e9s Les informations recueillies font l\u2019objet d\u2019un traitement afin de prendre en compte votre demande. Ces informations sont destin\u00e9es \u00e0 TOPYMEDIA uniquement. En application de la loi du 6 janvier 1978, relative [&hellip;]<\/p>\n","protected":false},"author":4,"featured_media":0,"parent":0,"menu_order":0,"comment_status":"closed","ping_status":"closed","template":"","meta":{"_acf_changed":false,"footnotes":""},"class_list":["post-12161","page","type-page","status-publish","hentry"],"acf":[],"yoast_head":"<!-- This site is optimized with the Yoast SEO plugin v27.5 - https:\/\/yoast.com\/product\/yoast-seo-wordpress\/ -->\n<title>Mentions l\u00e9gales &#8226; Topymedia<\/title>\n<meta name=\"robots\" content=\"index, follow, max-snippet:-1, max-image-preview:large, max-video-preview:-1\" \/>\n<link rel=\"canonical\" href=\"https:\/\/webdev.topymedia.com\/refontetopymedia\/mentions-legales\/\" \/>\n<meta property=\"og:locale\" content=\"fr_FR\" \/>\n<meta property=\"og:type\" content=\"article\" \/>\n<meta property=\"og:title\" content=\"Mentions l\u00e9gales &#8226; Topymedia\" \/>\n<meta property=\"og:description\" content=\"ce site est \u00e9dit\u00e9 et r\u00e9alis\u00e9 par Topymedia TOPYMEDIAcontact@webdev.topymedia.comT\u00e9l : 05 40 80 42 73 Ce site est h\u00e9berg\u00e9 chez OVH Informatique et libert\u00e9s Les informations recueillies font l\u2019objet d\u2019un traitement afin de prendre en compte votre demande. Ces informations sont destin\u00e9es \u00e0 TOPYMEDIA uniquement. En application de la loi du 6 janvier 1978, relative [&hellip;]\" \/>\n<meta property=\"og:url\" content=\"https:\/\/webdev.topymedia.com\/refontetopymedia\/mentions-legales\/\" \/>\n<meta property=\"og:site_name\" content=\"Topymedia\" \/>\n<meta property=\"article:publisher\" content=\"https:\/\/www.facebook.com\/topymedia\" \/>\n<meta property=\"article:modified_time\" content=\"2025-04-16T09:35:17+00:00\" \/>\n<meta property=\"og:image\" content=\"https:\/\/webdev.topymedia.com\/refontetopymedia\/wp-content\/uploads\/2021\/04\/communication-scaled.jpeg\" \/>\n\t<meta property=\"og:image:width\" content=\"2560\" \/>\n\t<meta property=\"og:image:height\" content=\"1536\" \/>\n\t<meta property=\"og:image:type\" content=\"image\/jpeg\" \/>\n<meta name=\"twitter:card\" content=\"summary_large_image\" \/>\n<meta name=\"twitter:label1\" content=\"Dur\u00e9e de lecture estim\u00e9e\" \/>\n\t<meta name=\"twitter:data1\" content=\"3 minutes\" \/>\n<script type=\"application\/ld+json\" class=\"yoast-schema-graph\">{\"@context\":\"https:\\\/\\\/schema.org\",\"@graph\":[{\"@type\":\"WebPage\",\"@id\":\"https:\\\/\\\/webdev.topymedia.com\\\/refontetopymedia\\\/mentions-legales\\\/\",\"url\":\"https:\\\/\\\/webdev.topymedia.com\\\/refontetopymedia\\\/mentions-legales\\\/\",\"name\":\"Mentions l\u00e9gales &#8226; Topymedia\",\"isPartOf\":{\"@id\":\"https:\\\/\\\/webdev.topymedia.com\\\/refontetopymedia\\\/#website\"},\"datePublished\":\"2025-04-16T09:35:15+00:00\",\"dateModified\":\"2025-04-16T09:35:17+00:00\",\"breadcrumb\":{\"@id\":\"https:\\\/\\\/webdev.topymedia.com\\\/refontetopymedia\\\/mentions-legales\\\/#breadcrumb\"},\"inLanguage\":\"fr-FR\",\"potentialAction\":[{\"@type\":\"ReadAction\",\"target\":[\"https:\\\/\\\/webdev.topymedia.com\\\/refontetopymedia\\\/mentions-legales\\\/\"]}]},{\"@type\":\"BreadcrumbList\",\"@id\":\"https:\\\/\\\/webdev.topymedia.com\\\/refontetopymedia\\\/mentions-legales\\\/#breadcrumb\",\"itemListElement\":[{\"@type\":\"ListItem\",\"position\":1,\"name\":\"Accueil\",\"item\":\"https:\\\/\\\/webdev.topymedia.com\\\/refontetopymedia\\\/\"},{\"@type\":\"ListItem\",\"position\":2,\"name\":\"Mentions l\u00e9gales\"}]},{\"@type\":\"WebSite\",\"@id\":\"https:\\\/\\\/webdev.topymedia.com\\\/refontetopymedia\\\/#website\",\"url\":\"https:\\\/\\\/webdev.topymedia.com\\\/refontetopymedia\\\/\",\"name\":\"Topymedia\",\"description\":\"Agence de communication - Bassin d&#039;Arcachon &amp; Bordeaux M\u00e9tropole\",\"potentialAction\":[{\"@type\":\"SearchAction\",\"target\":{\"@type\":\"EntryPoint\",\"urlTemplate\":\"https:\\\/\\\/webdev.topymedia.com\\\/refontetopymedia\\\/?s={search_term_string}\"},\"query-input\":{\"@type\":\"PropertyValueSpecification\",\"valueRequired\":true,\"valueName\":\"search_term_string\"}}],\"inLanguage\":\"fr-FR\"}]}<\/script>\n<!-- \/ Yoast SEO plugin. -->","yoast_head_json":{"title":"Mentions l\u00e9gales &#8226; Topymedia","robots":{"index":"index","follow":"follow","max-snippet":"max-snippet:-1","max-image-preview":"max-image-preview:large","max-video-preview":"max-video-preview:-1"},"canonical":"https:\/\/webdev.topymedia.com\/refontetopymedia\/mentions-legales\/","og_locale":"fr_FR","og_type":"article","og_title":"Mentions l\u00e9gales &#8226; Topymedia","og_description":"ce site est \u00e9dit\u00e9 et r\u00e9alis\u00e9 par Topymedia TOPYMEDIAcontact@webdev.topymedia.comT\u00e9l : 05 40 80 42 73 Ce site est h\u00e9berg\u00e9 chez OVH Informatique et libert\u00e9s Les informations recueillies font l\u2019objet d\u2019un traitement afin de prendre en compte votre demande. Ces informations sont destin\u00e9es \u00e0 TOPYMEDIA uniquement. En application de la loi du 6 janvier 1978, relative [&hellip;]","og_url":"https:\/\/webdev.topymedia.com\/refontetopymedia\/mentions-legales\/","og_site_name":"Topymedia","article_publisher":"https:\/\/www.facebook.com\/topymedia","article_modified_time":"2025-04-16T09:35:17+00:00","og_image":[{"width":2560,"height":1536,"url":"https:\/\/webdev.topymedia.com\/refontetopymedia\/wp-content\/uploads\/2021\/04\/communication-scaled.jpeg","type":"image\/jpeg"}],"twitter_card":"summary_large_image","twitter_misc":{"Dur\u00e9e de lecture estim\u00e9e":"3 minutes"},"schema":{"@context":"https:\/\/schema.org","@graph":[{"@type":"WebPage","@id":"https:\/\/webdev.topymedia.com\/refontetopymedia\/mentions-legales\/","url":"https:\/\/webdev.topymedia.com\/refontetopymedia\/mentions-legales\/","name":"Mentions l\u00e9gales &#8226; Topymedia","isPartOf":{"@id":"https:\/\/webdev.topymedia.com\/refontetopymedia\/#website"},"datePublished":"2025-04-16T09:35:15+00:00","dateModified":"2025-04-16T09:35:17+00:00","breadcrumb":{"@id":"https:\/\/webdev.topymedia.com\/refontetopymedia\/mentions-legales\/#breadcrumb"},"inLanguage":"fr-FR","potentialAction":[{"@type":"ReadAction","target":["https:\/\/webdev.topymedia.com\/refontetopymedia\/mentions-legales\/"]}]},{"@type":"BreadcrumbList","@id":"https:\/\/webdev.topymedia.com\/refontetopymedia\/mentions-legales\/#breadcrumb","itemListElement":[{"@type":"ListItem","position":1,"name":"Accueil","item":"https:\/\/webdev.topymedia.com\/refontetopymedia\/"},{"@type":"ListItem","position":2,"name":"Mentions l\u00e9gales"}]},{"@type":"WebSite","@id":"https:\/\/webdev.topymedia.com\/refontetopymedia\/#website","url":"https:\/\/webdev.topymedia.com\/refontetopymedia\/","name":"Topymedia","description":"Agence de communication - Bassin d&#039;Arcachon &amp; Bordeaux M\u00e9tropole","potentialAction":[{"@type":"SearchAction","target":{"@type":"EntryPoint","urlTemplate":"https:\/\/webdev.topymedia.com\/refontetopymedia\/?s={search_term_string}"},"query-input":{"@type":"PropertyValueSpecification","valueRequired":true,"valueName":"search_term_string"}}],"inLanguage":"fr-FR"}]}},"_links":{"self":[{"href":"https:\/\/webdev.topymedia.com\/refontetopymedia\/wp-json\/wp\/v2\/pages\/12161","targetHints":{"allow":["GET"]}}],"collection":[{"href":"https:\/\/webdev.topymedia.com\/refontetopymedia\/wp-json\/wp\/v2\/pages"}],"about":[{"href":"https:\/\/webdev.topymedia.com\/refontetopymedia\/wp-json\/wp\/v2\/types\/page"}],"author":[{"embeddable":true,"href":"https:\/\/webdev.topymedia.com\/refontetopymedia\/wp-json\/wp\/v2\/users\/4"}],"replies":[{"embeddable":true,"href":"https:\/\/webdev.topymedia.com\/refontetopymedia\/wp-json\/wp\/v2\/comments?post=12161"}],"version-history":[{"count":1,"href":"https:\/\/webdev.topymedia.com\/refontetopymedia\/wp-json\/wp\/v2\/pages\/12161\/revisions"}],"predecessor-version":[{"id":12162,"href":"https:\/\/webdev.topymedia.com\/refontetopymedia\/wp-json\/wp\/v2\/pages\/12161\/revisions\/12162"}],"wp:attachment":[{"href":"https:\/\/webdev.topymedia.com\/refontetopymedia\/wp-json\/wp\/v2\/media?parent=12161"}],"curies":[{"name":"wp","href":"https:\/\/api.w.org\/{rel}","templated":true}]}}